{"id":790,"date":"2010-04-08T11:28:19","date_gmt":"2010-04-08T09:28:19","guid":{"rendered":"http:\/\/www.ssg-kaarst.de\/?page_id=790"},"modified":"2024-04-25T05:45:51","modified_gmt":"2024-04-25T03:45:51","slug":"kleiderordnung-der-gesellschaft","status":"publish","type":"page","link":"https:\/\/ssg-kaarst.de\/index.php\/uber-uns\/kleiderordnung-der-gesellschaft\/","title":{"rendered":"Kleiderordnung"},"content":{"rendered":"<div id=\"tdi_1\" class=\"tdc-zone\"><div class=\"tdc_zone tdi_2  wpb_row td-pb-row\"  >\n<style scoped>\n\/* custom css - generated by TagDiv Composer *\/\n\n\/* custom css - generated by TagDiv Composer *\/\n.tdi_2{\r\n                    min-height: 0;\r\n                }\n<\/style><div id=\"tdi_3\" class=\"tdc-row\"><div class=\"vc_row tdi_4  wpb_row td-pb-row\" >\n<style scoped>\n\/* custom css - generated by TagDiv Composer *\/\n\n\/* custom css - generated by TagDiv Composer *\/\n.tdi_4,\r\n                .tdi_4 .tdc-columns{\r\n                    min-height: 0;\r\n                }.tdi_4,\r\n\t\t\t\t.tdi_4 .tdc-columns{\r\n\t\t\t\t    display: block;\r\n\t\t\t\t}.tdi_4 .tdc-columns{\r\n\t\t\t\t    width: 100%;\r\n\t\t\t\t}.tdi_4:before,\r\n\t\t\t\t.tdi_4:after{\r\n\t\t\t\t    display: table;\r\n\t\t\t\t}\n<\/style><div class=\"vc_column tdi_6  wpb_column vc_column_container tdc-column td-pb-span12\">\n<style scoped>\n\/* custom css - generated by TagDiv Composer *\/\n\n\/* custom css - generated by TagDiv Composer *\/\n.tdi_6{\r\n                    vertical-align: baseline;\r\n                }.tdi_6 > .wpb_wrapper,\r\n\t\t\t\t.tdi_6 > .wpb_wrapper > .tdc-elements{\r\n\t\t\t\t    display: block;\r\n\t\t\t\t}.tdi_6 > .wpb_wrapper > .tdc-elements{\r\n\t\t\t\t    width: 100%;\r\n\t\t\t\t}.tdi_6 > .wpb_wrapper > .vc_row_inner{\r\n\t\t\t\t    width: auto;\r\n\t\t\t\t}.tdi_6 > .wpb_wrapper{\r\n\t\t\t\t    width: auto;\r\n\t\t\t\t    height: auto;\r\n\t\t\t\t}\n<\/style><div class=\"wpb_wrapper\" ><div class=\"td_block_wrap tdb_title tdi_7 tdb-page-title td-pb-border-top td_block_template_1\"  data-td-block-uid=\"tdi_7\" >\n<style>\n\/* custom css - generated by TagDiv Composer *\/\n.tdb_title{\r\n                  margin-bottom: 19px;\r\n                }.tdb_title.tdb-content-horiz-center{\r\n                  text-align: center;\r\n                }.tdb_title.tdb-content-horiz-center .tdb-title-line{\r\n                  margin: 0 auto;\r\n                }.tdb_title.tdb-content-horiz-right{\r\n                  text-align: right;\r\n                }.tdb_title.tdb-content-horiz-right .tdb-title-line{\r\n                  margin-left: auto;\r\n                  margin-right: 0;\r\n                }.tdb-title-text{\r\n                  display: inline-block;\r\n                  position: relative;\r\n                  margin: 0;\r\n                  word-wrap: break-word;\r\n                  font-size: 30px;\r\n                  line-height: 38px;\r\n                  font-weight: 700;\r\n                }.tdb-first-letter{\r\n                  position: absolute;\r\n                  -webkit-user-select: none;\r\n                  user-select: none;\r\n                  pointer-events: none;\r\n                  text-transform: uppercase;\r\n                  color: rgba(0, 0, 0, 0.08);\r\n                  font-size: 6em;\r\n                  font-weight: 300;\r\n                  top: 50%;\r\n                  -webkit-transform: translateY(-50%);\r\n                  transform: translateY(-50%);\r\n                  left: -0.36em;\r\n                  z-index: -1;\r\n                  -webkit-text-fill-color: initial;\r\n                }.tdb-title-line{\r\n                  display: none;\r\n                  position: relative;\r\n                }.tdb-title-line:after{\r\n                  content: '';\r\n                  width: 100%;\r\n                  position: absolute;\r\n                  background-color: var(--td_theme_color, #4db2ec);\r\n                  top: 0;\r\n                  left: 0;\r\n                  margin: auto;\r\n                }.tdi_7 .tdb-title-line:after{\r\n\t\t\t\t\theight: 2px;\r\n\t\t\t\t\r\n\t\t\t\t\tbottom: 40%;\r\n\t\t\t\t}.tdi_7 .tdb-title-line{\r\n\t\t\t\t\theight: 50px;\r\n\t\t\t\t}.td-theme-wrap .tdi_7{\r\n\t\t\t\t\ttext-align: left;\r\n\t\t\t\t}.tdi_7 .tdb-first-letter{\r\n\t\t\t\t\tleft: -0.36em;\r\n\t\t\t\t\tright: auto;\r\n\t\t\t\t}\n<\/style><div class=\"tdb-block-inner td-fix-index\"><h1 class=\"tdb-title-text\">Sample Page Title<\/h1><div><\/div><div class=\"tdb-title-line\"><\/div><\/div><\/div><div class=\"td_block_wrap td_block_text_with_title tdi_8 tagdiv-type td-pb-border-top td_block_template_1\"  data-td-block-uid=\"tdi_8\" >\n<style>\n\/* custom css - generated by TagDiv Composer *\/\n.td_block_text_with_title{\r\n                  margin-bottom: 44px;\r\n                  -webkit-transform: translateZ(0);\r\n                  transform: translateZ(0);\r\n                }.td_block_text_with_title p:last-child{\r\n                  margin-bottom: 0;\r\n                }\n<\/style><div class=\"td-block-title-wrap\"><\/div><div class=\"td_mod_wrap td-fix-index\"><p>Immer wieder tritt die Frage auf: Was ziehe ich wann an? Freizeitkleidung, Dunkler Anzug oder Gesellschaftstracht?&nbsp;Nachstehend eine Aufstellung, welche Kleidung zu welchem Anlass getragen wird:<\/p>\n<\/div><\/div><\/div><\/div><\/div><\/div><div id=\"tdi_9\" class=\"tdc-row\"><div class=\"vc_row tdi_10  wpb_row td-pb-row\" >\n<style scoped>\n\/* custom css - generated by TagDiv Composer *\/\n\n\/* custom css - generated by TagDiv Composer *\/\n.tdi_10,\r\n                .tdi_10 .tdc-columns{\r\n                    min-height: 0;\r\n                }.tdi_10,\r\n\t\t\t\t.tdi_10 .tdc-columns{\r\n\t\t\t\t    display: block;\r\n\t\t\t\t}.tdi_10 .tdc-columns{\r\n\t\t\t\t    width: 100%;\r\n\t\t\t\t}.tdi_10:before,\r\n\t\t\t\t.tdi_10:after{\r\n\t\t\t\t    display: table;\r\n\t\t\t\t}\n<\/style><div class=\"vc_column tdi_12  wpb_column vc_column_container tdc-column td-pb-span7\">\n<style scoped>\n\/* custom css - generated by TagDiv Composer *\/\n\n\/* custom css - generated by TagDiv Composer *\/\n.tdi_12{\r\n                    vertical-align: baseline;\r\n                }.tdi_12 > .wpb_wrapper,\r\n\t\t\t\t.tdi_12 > .wpb_wrapper > .tdc-elements{\r\n\t\t\t\t    display: block;\r\n\t\t\t\t}.tdi_12 > .wpb_wrapper > .tdc-elements{\r\n\t\t\t\t    width: 100%;\r\n\t\t\t\t}.tdi_12 > .wpb_wrapper > .vc_row_inner{\r\n\t\t\t\t    width: auto;\r\n\t\t\t\t}.tdi_12 > .wpb_wrapper{\r\n\t\t\t\t    width: auto;\r\n\t\t\t\t    height: auto;\r\n\t\t\t\t}\n<\/style><div class=\"wpb_wrapper\" ><div class=\"td_block_wrap td_block_text_with_title tdi_13 tagdiv-type td-pb-border-top td_block_template_1\"  data-td-block-uid=\"tdi_13\" ><div class=\"td-block-title-wrap\"><h4 class=\"block-title td-block-title\"><span class=\"td-pulldown-size\">Kleiderordnung Veranstaltungen<\/span><\/h4><\/div><div class=\"td_mod_wrap td-fix-index\"><p><strong>Jahreshauptversammlung Bruderschaft <\/strong>Stra\u00dfenanzug, Scheibensch\u00fctzennadel (K\u00f6nig + Minister = Nadeln)<\/p>\n<p><strong>Grenadierball <\/strong>Abendgarderobe, Scheibensch\u00fctzennadel (K\u00f6nig + Minister = Nadeln)<\/p>\n<p><strong>Jahreshauptversammlung Scheiben-Sch\u00fctzen<\/strong> Freizeitkleidung<\/p>\n<p><strong>K\u00f6nigsvogelschie\u00dfen Scheiben-Sch\u00fctzen <\/strong>Gesellschaftstracht, ohne Handschuhe und Sch\u00fctzenhut (K\u00f6nig + Minister = Silber)<\/p>\n<p>G\u00e4ste: dunkler Anzug<\/p>\n<p><strong>K\u00f6nigsvogelschie\u00dfen J\u00e4gercorps <\/strong>dunkler Anzug, Scheibensch\u00fctzennadel, aktuelle Vereinskrawatte (Version gr\u00fcn\/grau) (K\u00f6nig + Minister = Nadeln)<\/p>\n<p><strong>K\u00f6nigsvogelschie\u00dfen Grenadiercorps <\/strong>dunkler Anzug, Scheibensch\u00fctzennadel, aktuelle Vereinskrawatte (Version gr\u00fcn\/grau) (K\u00f6nig + Minister = Nadeln)<\/p>\n<p><strong>J\u00e4gerball <\/strong>Abendgarderobe, Scheibensch\u00fctzennadel (K\u00f6nig + Minister = Nadeln)<\/p>\n<p><strong>K\u00f6nigsehrenabend <\/strong>Schwarzer Anzug, wei\u00dfes Hemd, Sch\u00fctzenhut, Scheibensch\u00fctzennadel, aktuelle Vereinskrawatte (Version gr\u00fcn\/grau) (K\u00f6nig + Minister = Silber)<\/p>\n<p><strong>Fronleichnam <\/strong>Schwarzer Anzug, wei\u00dfes Hemd, Sch\u00fctzenhut, Scheibensch\u00fctzennadel, aktuelle Vereinskrawatte (Version gr\u00fcn\/grau) (K\u00f6nig + Minister = Nadeln), Fahnengruppe: Gesellschaftstracht<\/p>\n<p><strong>Residenzbau <\/strong>Arbeitskleidung<\/p>\n<p><strong>Sch\u00fctzenfest &#8211; Samstag <\/strong>Schwarzer Anzug, wei\u00dfes Hemd, Sch\u00fctzenhut, Scheibensch\u00fctzennadel, aktuelle Vereinskrawatte (Version gr\u00fcn\/grau) (K\u00f6nig + Minister = Silber)<\/p>\n<p><strong>Sch\u00fctzenfest &#8211; Sonntag bis Dienstag <\/strong>Gesellschaftstracht, Handschuhe, Sch\u00fctzenhut, aktueller K\u00f6nigsorden, wei\u00dfe Nelken<\/p>\n<p><strong>Sch\u00fctzenfest &#8211; Fr\u00fchschoppen Montags <\/strong>Freizeitkleidung<\/p>\n<p><strong>Abkr\u00e4nzen <\/strong>Arbeitskleidung<\/p>\n<p><strong>Grillfest <\/strong>Freizeitkleidung<\/p>\n<p><strong>Hubertusball <\/strong>Abendgarderobe, Scheibensch\u00fctzennadel (K\u00f6nig + Minister = Nadeln)<\/p>\n<p><strong>Sp\u00e4tkirmesball <\/strong>Abendgarderobe, Scheibensch\u00fctzennadel (K\u00f6nig + Minister = Nadeln)<\/p>\n<p><strong>Volkstrauertag <\/strong>dunkler Anzug, wei\u00dfes Hemd, Sch\u00fctzenhut, Scheibensch\u00fctzennadel, aktuelle Vereinskrawatte (Version gr\u00fcn\/grau) (K\u00f6nig + Minister = Nadeln), Fahnengruppe: Gesellschaftstracht<\/p>\n<p><strong>Hubertusschie\u00dfen <\/strong>Freizeitkleidung<\/p>\n<p><strong>Winterfest <\/strong>Gesellschaftstracht, ohne Handschuhe und Sch\u00fctzenhut aktueller K\u00f6nigsorden (K\u00f6nig + Minister = Silber) G\u00e4ste = dunkler Anzug<\/p>\n<p><strong>Weckmannschie\u00dfen <\/strong>Freizeitkleidung<\/p>\n<p><strong>Beerdigungen <\/strong>Gesellschaftstracht <strong>ohne Abzeichen<\/strong> , Handschuhe, Sch\u00fctzenhut<\/p>\n<p>\u00a0<\/p>\n<\/div><\/div><\/div><\/div><div class=\"vc_column tdi_15  wpb_column vc_column_container tdc-column td-pb-span5\">\n<style scoped>\n\/* custom css - generated by TagDiv Composer *\/\n\n\/* custom css - generated by TagDiv Composer *\/\n.tdi_15{\r\n                    vertical-align: baseline;\r\n                }.tdi_15 > .wpb_wrapper,\r\n\t\t\t\t.tdi_15 > .wpb_wrapper > .tdc-elements{\r\n\t\t\t\t    display: block;\r\n\t\t\t\t}.tdi_15 > .wpb_wrapper > .tdc-elements{\r\n\t\t\t\t    width: 100%;\r\n\t\t\t\t}.tdi_15 > .wpb_wrapper > .vc_row_inner{\r\n\t\t\t\t    width: auto;\r\n\t\t\t\t}.tdi_15 > .wpb_wrapper{\r\n\t\t\t\t    width: auto;\r\n\t\t\t\t    height: auto;\r\n\t\t\t\t}\n<\/style><div class=\"wpb_wrapper\" ><div class=\"td_block_wrap td_block_text_with_title tdi_16 tagdiv-type td-pb-border-top td_block_template_1\"  data-td-block-uid=\"tdi_16\" ><div class=\"td-block-title-wrap\"><h4 class=\"block-title td-block-title\"><span class=\"td-pulldown-size\">Gesellschaftstracht<\/span><\/h4><\/div><div class=\"td_mod_wrap td-fix-index\"><p>Mt einer Brusttasche und zwei Rocktaschen, Stoff ist ein fr\u00f6hliches grau, Kragen gr\u00fcn, Kn\u00f6pfe Hirschhorn oder Imitat<\/p>\n<p><strong>Bezugsquelle:<\/strong><br \/>\n<em>Karl Hintzen, Hindenburgstra\u00dfe 49, 41352 Korschenbroich<\/em><br \/>\nalternativ<em><br \/>\nFranz Edelmann &amp; Sohn, K\u00f6lner Stra\u00dfe 260, 40227 D\u00fcsseldorf<\/em><\/p>\n<p>Fliegen, Krawatten und Handschuhe sind bei Stefan H\u00fcgen im Laden erh\u00e4ltlich (nur f\u00fcr SSG Mitglieder)<\/p>\n<p>Dunkelschwarze <strong>Hose<\/strong> in normaler Stra\u00dfenanzugqualit\u00e4t und \u2013schnitt.&nbsp; <strong><br \/>\nG\u00fcrtel <\/strong>Schwarz<br \/>\nneutrale <strong>Hosentr\u00e4ger<\/strong> (optional), ohne Motiv<br \/>\n<strong>Socken<\/strong> Dunkelschwarz<br \/>\n<strong>Schuhe<\/strong> dunkelschwarz, geputzt und in gutem Zustand<br \/>\n<strong>Strahlendwei\u00dfes Hemd<\/strong> (ohne Muster, normaler Kragen)<br \/>\n<strong>Strahlendwei\u00dfe Fliege<\/strong> aus Baumwolle<br \/>\nDer aktuelle <strong>K\u00f6nigsorden<\/strong> am Band<\/p>\n<\/div><\/div><div class=\"td_block_wrap td_block_text_with_title tdi_17 tagdiv-type td-pb-border-top td_block_template_1\"  data-td-block-uid=\"tdi_17\" ><div class=\"td-block-title-wrap\"><h4 class=\"block-title td-block-title\"><span class=\"td-pulldown-size\">Sch\u00fctzenhut<\/span><\/h4><\/div><div class=\"td_mod_wrap td-fix-index\"><p>Feder der Kaarster Scheibensch\u00fctzen<br \/>\nmit Zielscheibe silber\/gr\u00fcn&nbsp;&nbsp; ,<br \/>\nKennwort \u201eKaarster Scheibensch\u00fctzen\u201c,<\/p>\n<p><em>Neusser Huthaus,<br \/>\nGlockhammer 16<br \/>\n41460 Neuss<\/em><\/p>\n<\/div><\/div><div class=\"td_block_wrap td_block_text_with_title tdi_18 tagdiv-type td-pb-border-top td_block_template_1\"  data-td-block-uid=\"tdi_18\" ><div class=\"td-block-title-wrap\"><h4 class=\"block-title td-block-title\"><span class=\"td-pulldown-size\">Abzeichen<\/span><\/h4><\/div><div class=\"td_mod_wrap td-fix-index\"><p><strong>Linkes Revers von oben:<\/strong><br \/>\nScheibensch\u00fctzennadel<br \/>\nRheinischer Sch\u00fctzenbund<br \/>\nDeutschen Sch\u00fctzenbund<\/p>\n<p><strong> Rechtes Revers:<\/strong><br \/>\nSchie\u00dfabzeichen (optional)<br \/>\n<strong> Auf der Brusttasche:<\/strong><br \/>\nSchie\u00dfabzeichen (optional)<br \/>\n<strong> Linke untere Bereich:<\/strong><br \/>\nGrosses Abzeichen des Deutschen Sch\u00fctzenbunds<br \/>\nVerdienstkreuz (optional)<br \/>\nJubil\u00e4umsnadeln der \u201eBruderschaft\u201c (optional)<\/p>\n<p><em>Alle Abzeichen, die keinen Zusammenhang zu den Scheibensch\u00fctzen, dem Rheinischen Sch\u00fctzenbund, dem Deutschen Sch\u00fctzenbund und der Sankt Sebastianus Sch\u00fctzenbruderschaft haben, sind nicht zul\u00e4ssig.<\/em><\/p>\n<\/div><\/div><\/div><\/div><\/div><\/div><div id=\"tdi_19\" class=\"tdc-row\"><div class=\"vc_row tdi_20  wpb_row td-pb-row\" >\n<style scoped>\n\/* custom css - generated by TagDiv Composer *\/\n\n\/* custom css - generated by TagDiv Composer *\/\n.tdi_20,\r\n                .tdi_20 .tdc-columns{\r\n                    min-height: 0;\r\n                }.tdi_20,\r\n\t\t\t\t.tdi_20 .tdc-columns{\r\n\t\t\t\t    display: block;\r\n\t\t\t\t}.tdi_20 .tdc-columns{\r\n\t\t\t\t    width: 100%;\r\n\t\t\t\t}.tdi_20:before,\r\n\t\t\t\t.tdi_20:after{\r\n\t\t\t\t    display: table;\r\n\t\t\t\t}\n<\/style><div class=\"vc_column tdi_22  wpb_column vc_column_container tdc-column td-pb-span12\">\n<style scoped>\n\/* custom css - generated by TagDiv Composer *\/\n\n\/* custom css - generated by TagDiv Composer *\/\n.tdi_22{\r\n                    vertical-align: baseline;\r\n                }.tdi_22 > .wpb_wrapper,\r\n\t\t\t\t.tdi_22 > .wpb_wrapper > .tdc-elements{\r\n\t\t\t\t    display: block;\r\n\t\t\t\t}.tdi_22 > .wpb_wrapper > .tdc-elements{\r\n\t\t\t\t    width: 100%;\r\n\t\t\t\t}.tdi_22 > .wpb_wrapper > .vc_row_inner{\r\n\t\t\t\t    width: auto;\r\n\t\t\t\t}.tdi_22 > .wpb_wrapper{\r\n\t\t\t\t    width: auto;\r\n\t\t\t\t    height: auto;\r\n\t\t\t\t}\n<\/style><div class=\"wpb_wrapper\" ><div class=\"wpb_wrapper td_block_empty_space td_block_wrap vc_empty_space tdi_24 \"  style=\"height: 32px\"><\/div><\/div><\/div><\/div><\/div><\/div><\/div>","protected":false},"excerpt":{"rendered":"","protected":false},"author":1,"featured_media":0,"parent":768,"menu_order":6,"comment_status":"closed","ping_status":"closed","template":"","meta":{"ngg_post_thumbnail":0,"footnotes":""},"class_list":["post-790","page","type-page","status-publish"],"yoast_head":"<!-- This site is optimized with the Yoast SEO plugin v27.5 - https:\/\/yoast.com\/product\/yoast-seo-wordpress\/ -->\n<title>Kleiderordnung | Scheiben Sch\u00fctzen Gesellschaft Kaarst 1962 e.V.<\/title>\n<meta name=\"robots\" content=\"index, follow, max-snippet:-1, max-image-preview:large, max-video-preview:-1\" \/>\n<link rel=\"canonical\" href=\"https:\/\/ssg-kaarst.de\/index.php\/uber-uns\/kleiderordnung-der-gesellschaft\/\" \/>\n<meta property=\"og:locale\" content=\"de_DE\" \/>\n<meta property=\"og:type\" content=\"article\" \/>\n<meta property=\"og:title\" content=\"Kleiderordnung | Scheiben Sch\u00fctzen Gesellschaft Kaarst 1962 e.V.\" \/>\n<meta property=\"og:url\" content=\"https:\/\/ssg-kaarst.de\/index.php\/uber-uns\/kleiderordnung-der-gesellschaft\/\" \/>\n<meta property=\"og:site_name\" content=\"Scheiben Sch\u00fctzen Gesellschaft Kaarst 1962 e.V.\" \/>\n<meta property=\"article:modified_time\" content=\"2024-04-25T03:45:51+00:00\" \/>\n<meta name=\"twitter:card\" content=\"summary_large_image\" \/>\n<meta name=\"twitter:label1\" content=\"Gesch\u00e4tzte Lesezeit\" \/>\n\t<meta name=\"twitter:data1\" content=\"3\u00a0Minuten\" \/>\n<script type=\"application\/ld+json\" class=\"yoast-schema-graph\">{\"@context\":\"https:\\\/\\\/schema.org\",\"@graph\":[{\"@type\":\"WebPage\",\"@id\":\"https:\\\/\\\/ssg-kaarst.de\\\/index.php\\\/uber-uns\\\/kleiderordnung-der-gesellschaft\\\/\",\"url\":\"https:\\\/\\\/ssg-kaarst.de\\\/index.php\\\/uber-uns\\\/kleiderordnung-der-gesellschaft\\\/\",\"name\":\"Kleiderordnung | Scheiben Sch\u00fctzen Gesellschaft Kaarst 1962 e.V.\",\"isPartOf\":{\"@id\":\"https:\\\/\\\/ssg-kaarst.de\\\/#website\"},\"datePublished\":\"2010-04-08T09:28:19+00:00\",\"dateModified\":\"2024-04-25T03:45:51+00:00\",\"breadcrumb\":{\"@id\":\"https:\\\/\\\/ssg-kaarst.de\\\/index.php\\\/uber-uns\\\/kleiderordnung-der-gesellschaft\\\/#breadcrumb\"},\"inLanguage\":\"de\",\"potentialAction\":[{\"@type\":\"ReadAction\",\"target\":[\"https:\\\/\\\/ssg-kaarst.de\\\/index.php\\\/uber-uns\\\/kleiderordnung-der-gesellschaft\\\/\"]}]},{\"@type\":\"BreadcrumbList\",\"@id\":\"https:\\\/\\\/ssg-kaarst.de\\\/index.php\\\/uber-uns\\\/kleiderordnung-der-gesellschaft\\\/#breadcrumb\",\"itemListElement\":[{\"@type\":\"ListItem\",\"position\":1,\"name\":\"Startseite\",\"item\":\"https:\\\/\\\/ssg-kaarst.de\\\/\"},{\"@type\":\"ListItem\",\"position\":2,\"name\":\"\u00dcber uns\",\"item\":\"https:\\\/\\\/ssg-kaarst.de\\\/index.php\\\/uber-uns\\\/\"},{\"@type\":\"ListItem\",\"position\":3,\"name\":\"Kleiderordnung\"}]},{\"@type\":\"WebSite\",\"@id\":\"https:\\\/\\\/ssg-kaarst.de\\\/#website\",\"url\":\"https:\\\/\\\/ssg-kaarst.de\\\/\",\"name\":\"Scheiben Sch\u00fctzen Gesellschaft Kaarst 1962 e.V.\",\"description\":\"Offizielle Website der Gesellschaft\",\"publisher\":{\"@id\":\"https:\\\/\\\/ssg-kaarst.de\\\/#organization\"},\"potentialAction\":[{\"@type\":\"SearchAction\",\"target\":{\"@type\":\"EntryPoint\",\"urlTemplate\":\"https:\\\/\\\/ssg-kaarst.de\\\/?s={search_term_string}\"},\"query-input\":{\"@type\":\"PropertyValueSpecification\",\"valueRequired\":true,\"valueName\":\"search_term_string\"}}],\"inLanguage\":\"de\"},{\"@type\":\"Organization\",\"@id\":\"https:\\\/\\\/ssg-kaarst.de\\\/#organization\",\"name\":\"Scheiben Sch\u00fctzen Gesellschaft Kaarst 1962 e.V.\",\"url\":\"https:\\\/\\\/ssg-kaarst.de\\\/\",\"logo\":{\"@type\":\"ImageObject\",\"inLanguage\":\"de\",\"@id\":\"https:\\\/\\\/ssg-kaarst.de\\\/#\\\/schema\\\/logo\\\/image\\\/\",\"url\":\"https:\\\/\\\/ssg-kaarst.de\\\/wp-content\\\/uploads\\\/2017\\\/01\\\/SSG-Logo-Kopi1500e-1.jpg\",\"contentUrl\":\"https:\\\/\\\/ssg-kaarst.de\\\/wp-content\\\/uploads\\\/2017\\\/01\\\/SSG-Logo-Kopi1500e-1.jpg\",\"width\":1499,\"height\":1402,\"caption\":\"Scheiben Sch\u00fctzen Gesellschaft Kaarst 1962 e.V.\"},\"image\":{\"@id\":\"https:\\\/\\\/ssg-kaarst.de\\\/#\\\/schema\\\/logo\\\/image\\\/\"}}]}<\/script>\n<!-- \/ Yoast SEO plugin. -->","yoast_head_json":{"title":"Kleiderordnung | Scheiben Sch\u00fctzen Gesellschaft Kaarst 1962 e.V.","robots":{"index":"index","follow":"follow","max-snippet":"max-snippet:-1","max-image-preview":"max-image-preview:large","max-video-preview":"max-video-preview:-1"},"canonical":"https:\/\/ssg-kaarst.de\/index.php\/uber-uns\/kleiderordnung-der-gesellschaft\/","og_locale":"de_DE","og_type":"article","og_title":"Kleiderordnung | Scheiben Sch\u00fctzen Gesellschaft Kaarst 1962 e.V.","og_url":"https:\/\/ssg-kaarst.de\/index.php\/uber-uns\/kleiderordnung-der-gesellschaft\/","og_site_name":"Scheiben Sch\u00fctzen Gesellschaft Kaarst 1962 e.V.","article_modified_time":"2024-04-25T03:45:51+00:00","twitter_card":"summary_large_image","twitter_misc":{"Gesch\u00e4tzte Lesezeit":"3\u00a0Minuten"},"schema":{"@context":"https:\/\/schema.org","@graph":[{"@type":"WebPage","@id":"https:\/\/ssg-kaarst.de\/index.php\/uber-uns\/kleiderordnung-der-gesellschaft\/","url":"https:\/\/ssg-kaarst.de\/index.php\/uber-uns\/kleiderordnung-der-gesellschaft\/","name":"Kleiderordnung | Scheiben Sch\u00fctzen Gesellschaft Kaarst 1962 e.V.","isPartOf":{"@id":"https:\/\/ssg-kaarst.de\/#website"},"datePublished":"2010-04-08T09:28:19+00:00","dateModified":"2024-04-25T03:45:51+00:00","breadcrumb":{"@id":"https:\/\/ssg-kaarst.de\/index.php\/uber-uns\/kleiderordnung-der-gesellschaft\/#breadcrumb"},"inLanguage":"de","potentialAction":[{"@type":"ReadAction","target":["https:\/\/ssg-kaarst.de\/index.php\/uber-uns\/kleiderordnung-der-gesellschaft\/"]}]},{"@type":"BreadcrumbList","@id":"https:\/\/ssg-kaarst.de\/index.php\/uber-uns\/kleiderordnung-der-gesellschaft\/#breadcrumb","itemListElement":[{"@type":"ListItem","position":1,"name":"Startseite","item":"https:\/\/ssg-kaarst.de\/"},{"@type":"ListItem","position":2,"name":"\u00dcber uns","item":"https:\/\/ssg-kaarst.de\/index.php\/uber-uns\/"},{"@type":"ListItem","position":3,"name":"Kleiderordnung"}]},{"@type":"WebSite","@id":"https:\/\/ssg-kaarst.de\/#website","url":"https:\/\/ssg-kaarst.de\/","name":"Scheiben Sch\u00fctzen Gesellschaft Kaarst 1962 e.V.","description":"Offizielle Website der Gesellschaft","publisher":{"@id":"https:\/\/ssg-kaarst.de\/#organization"},"potentialAction":[{"@type":"SearchAction","target":{"@type":"EntryPoint","urlTemplate":"https:\/\/ssg-kaarst.de\/?s={search_term_string}"},"query-input":{"@type":"PropertyValueSpecification","valueRequired":true,"valueName":"search_term_string"}}],"inLanguage":"de"},{"@type":"Organization","@id":"https:\/\/ssg-kaarst.de\/#organization","name":"Scheiben Sch\u00fctzen Gesellschaft Kaarst 1962 e.V.","url":"https:\/\/ssg-kaarst.de\/","logo":{"@type":"ImageObject","inLanguage":"de","@id":"https:\/\/ssg-kaarst.de\/#\/schema\/logo\/image\/","url":"https:\/\/ssg-kaarst.de\/wp-content\/uploads\/2017\/01\/SSG-Logo-Kopi1500e-1.jpg","contentUrl":"https:\/\/ssg-kaarst.de\/wp-content\/uploads\/2017\/01\/SSG-Logo-Kopi1500e-1.jpg","width":1499,"height":1402,"caption":"Scheiben Sch\u00fctzen Gesellschaft Kaarst 1962 e.V."},"image":{"@id":"https:\/\/ssg-kaarst.de\/#\/schema\/logo\/image\/"}}]}},"_links":{"self":[{"href":"https:\/\/ssg-kaarst.de\/index.php\/wp-json\/wp\/v2\/pages\/790","targetHints":{"allow":["GET"]}}],"collection":[{"href":"https:\/\/ssg-kaarst.de\/index.php\/wp-json\/wp\/v2\/pages"}],"about":[{"href":"https:\/\/ssg-kaarst.de\/index.php\/wp-json\/wp\/v2\/types\/page"}],"author":[{"embeddable":true,"href":"https:\/\/ssg-kaarst.de\/index.php\/wp-json\/wp\/v2\/users\/1"}],"replies":[{"embeddable":true,"href":"https:\/\/ssg-kaarst.de\/index.php\/wp-json\/wp\/v2\/comments?post=790"}],"version-history":[{"count":12,"href":"https:\/\/ssg-kaarst.de\/index.php\/wp-json\/wp\/v2\/pages\/790\/revisions"}],"predecessor-version":[{"id":17007,"href":"https:\/\/ssg-kaarst.de\/index.php\/wp-json\/wp\/v2\/pages\/790\/revisions\/17007"}],"up":[{"embeddable":true,"href":"https:\/\/ssg-kaarst.de\/index.php\/wp-json\/wp\/v2\/pages\/768"}],"wp:attachment":[{"href":"https:\/\/ssg-kaarst.de\/index.php\/wp-json\/wp\/v2\/media?parent=790"}],"curies":[{"name":"wp","href":"https:\/\/api.w.org\/{rel}","templated":true}]}}